are the prime factors of o?
2
Suppose 2*w - 4*l = 6*w, 4*l = w. Suppose w = -3*g + 38 + 94. Suppose 7 = 3*r - g. List the prime factors of r.
17
Let w = 407 + -261. List the prime factors of w.
2, 73
Let w be (-22)/4*(-3 + 1). Let o = -19 + 21. Let j = w + o. List the prime factors of j.
13
Let k = 20 + -17. What are the prime factors of -1 - (0 + (k - 33))?
29
Let x(b) = -3*b. Let r(z) = -5*z**3 + z**2 - 1. Let l be r(1). What are the prime factors of x(l)?
3, 5
Let i be 9*(-2 - -2 - 1). Let j(g) = g**3 + 10*g**2 + 6*g - 12. List the prime factors of j(i).
3, 5
Let r be (1*6)/((-3)/(-2)). Let j(n) = 4 - 4*n + 4*n**2 - 2*n**2 - n + 0*n. What are the prime factors of j(r)?
2
Let l be ((-16)/6)/((-12)/72). Let r = 48 - l. List the prime factors of r.
2
Let l(q) = 17*q**2 + 2*q - 1. List the prime factors of l(1).
2, 3
Suppose -2*q + 806 = 2*c, 642 = -4*c + 3*q + 2282. What are the prime factors of c?
11, 37
Let c be 2*(3/(-2))/1. Let x(v) = v**3 + 5*v**2 + 4*v + 4. What are the prime factors of x(c)?
2, 5
Let i(r) = -r**2 - 19*r + 3. What are the prime factors of i(-15)?
3, 7
Let z = -46 - -74. Let s = 47 - z. What are the prime factors of s?
19
Suppose 560 = 3*c - 2*u + 7*u, 2*c - 380 = -5*u. What are the prime factors of c?
2, 3, 5
Suppose 6*k - 20 = k - 5*y, 5*y = 15. Suppose -k = n - 13. What are the prime factors of n?
2, 3
Let c be 4/(-8)*-2*1. Suppose 23 = 3*d - c. What are the prime factors of d?
2
Let c = 22 + -15. Suppose 0 = 3*k - 2*a - 6, 0 = -2*k + 3*a + 2*a - c. Suppose -4*p - 2*m = -58, 0 = -8*p + 4*p - k*m + 60. What are the prime factors of p?
2, 7
Let m = 143 - 90. Suppose 45 = -d - m. List the prime factors of (-6)/24 + d/(-8).
2, 3
Let v(l) = -2*l**2 - 3*l. Let k be v(-2). Let s be (-14)/(-6) - k/3. Suppose -2*c = i - 18, -2*i + 26 = -s*c + 2*c. List the prime factors of i.
2, 7
Suppose -24*q + 275 = -19*q. What are the prime factors of q?
5, 11
Let g(w) = 24*w - 38. What are the prime factors of g(13)?
2, 137
Let a(o) = 5*o + 5. Let n(b) = b + 1. Let j(g) = -2*a(g) + 11*n(g). Let v(s) = -s**3 + 5. Let z be v(0). List the prime factors of j(z).
2, 3
Let g(o) = o**3 + 13*o**2 + 12*o + 5. Let j be g(-12). Let l(p) = -p + 6*p - 6 - 1. List the prime factors of l(j).
2, 3
Let g(b) = 139*b + 3. List the prime factors of g(1).
2, 71
Suppose -2124 = 8*g - 20*g. What are the prime factors of g?
3, 59
Let o = 23 - 37. What are the prime factors of 218/11 + o/(-77)?
2, 5
Let a(l) = -l**2 + l + 121. Let y be a(0). Suppose 115 = 2*s + n, 2*s - 4*s - 3*n = -y. List the prime factors of s.
2, 7
Let m = 27 - -53. Suppose 4*i - 100 - m = 0. What are the prime factors of i?
3, 5
Suppose 0 = -5*h + 3*j - 12, -h + j + 2*j = 0. Let m = 9 + h. What are the prime factors of m?
2, 3
Let n(w) be the third derivative of w**4/24 - w**3/3 - w**2. Let i be n(4). What are the prime factors of (-3)/(3/(-16)*i)?
2
Suppose -5*y + 5*n + 442 = 7*n, -3*y + 267 = 3*n. What are the prime factors of y?
2, 11
Let z = 10 + -31. Let k = -9 - z. List the prime factors of k.
2, 3
What are the prime factors of (-15)/20 - (-387)/4?
2, 3
Suppose 5*z = 3*z + 12. Suppose -2*v = 4 + z. Let y(l) = -l**3 - 5*l**2 + 6. What are the prime factors of y(v)?
2, 3
Let w(d) be the third derivative of d**4/12 - d**3/6 - 4*d**2. What are the prime factors of w(3)?
5
Let h = 7 - -26. List the prime factors of h.
3, 11
Let m be (48/20)/(2/5). What are the prime factors of -1 + 22/m*3?
2, 5
Let p(m) = 2*m**2 + 3. What are the prime factors of p(3)?
3, 7
Let y(m) = 10*m**2 + 9*m - 4. List the prime factors of y(-3).
59
Let n = -7 + 10. Let i be (6/(-15))/(n/(-15)). Let d = i + 0. List the prime factors of d.
2
Suppose 0 = -v + 3*h - 13, -3*v + 10 = -2*h + 56. Suppose 0 = f + 3, 4*j - 44 = 6*j - 2*f. Let b = v - j. What are the prime factors of b?
3
Let g(t) = -t**3 + 9*t**2 - 2*t + 6. List the prime factors of g(8).
2, 3
List the prime factors of -6*(-2)/4 + 12.
3, 5
Suppose 3*x + 6 = 4*z, 1 + 5 = -3*x. Suppose -4*f + 3*f - 5*d + 8 = z, -5*f - 4*d + 124 = 0. List the prime factors of f.
2, 7
Let g be ((-16)/(-12))/(2/3). Suppose -d - g*y = 1 + 5, 5*d - 15 = -y. What are the prime factors of (-10 - 2)*(-2)/d?
2, 3
Suppose b - 10 = -4*b + 3*k, 40 = 3*b + 5*k. List the prime factors of b.
5
Suppose 13*w - 676 + 143 = 0. What are the prime factors of w?
41
Let y(v) = v**3 - 10*v**2 - 12*v + 2. Let d = 21 + -10. Let j be y(d). List the prime factors of (-2)/j - 68/(-18).
2
Let x(q) = -q**3 + 3*q**2 + 2*q + 3. What are the prime factors of x(3)?
3
Let u = 106 + -51. Suppose f + 7 = u. What are the prime factors of f?
2, 3
Let c(g) = -g**2 - 3*g - 3. Let r be c(-5). Let l = r - -25. List the prime factors of l.
2, 3
Let u be -7*4 - (-3 - -1). Let l = 50 + u. List the prime factors of l.
2, 3
Let c = 8 - 6. What are the prime factors of (3/c)/(6/48)?
2, 3
Suppose 36 + 58 = 5*h - 3*r, -3*r - 14 = -h. List the prime factors of h.
2, 5
Suppose z = -0*z + 16. Let f be 0 + -2 - z/(-2). Let q(d) = 2*d + 3. List the prime factors of q(f).
3, 5
Let q(b) = b + 1. Let r be q(1). Suppose 0*o = -r*s - 5*o - 20, -4*o - 16 = 3*s. Suppose v = 6*n - 2*n - 29, 2*n - v - 15 = s. What are the prime factors of n?
7
Let f(q) = 2*q**3 - 2*q**2 - 2*q - 1. Let z be f(-1). Let l(o) = o**3 + 2*o**2 - 3*o + 3. List the prime factors of l(z).
3
Suppose -2*u + 31 = -129. What are the prime factors of u?
2, 5
Let t be ((-16)/(-4))/(1/4). Suppose o - 7 = w, w - t = -4*o + 2*w. Suppose -5*v = -3*m - 99, -2*v = -o*m - 14 - 22. List the prime factors of v.
3, 7
Let s(q) = q**2 + 5*q + 6. Let z = 16 - 25. Let j = 4 + z. List the prime factors of s(j).
2, 3
Suppose 15*p - 4246 = -1426. What are the prime factors of p?
2, 47
Let d(p) = 3*p + 36. What are the prime factors of d(-9)?
3
Let d(t) = t**3 + t**2 - t - 1. Let l(s) = 5*s**3 + 3*s**2 - 2*s - 5. Let u(q) = 3*d(q) - l(q). What are the prime factors of u(-2)?
2, 5
Let g = -5 - -5. What are the prime factors of (-2)/(-3)*(3 - g)?
2
Let u(t) = 2*t - 6. Let w be u(5). What are the prime factors of 2/w*-2 - -7?
2, 3
Let j = 7 - -3. Suppose -u + j = u. List the prime factors of u.
5
Let q = -102 - -177. List the prime factors of q.
3, 5
Suppose 44 + 20 = 2*h. List the prime factors of h.
2
Suppose 0 = -2*b - 3*b + 10. Suppose 0 = b*v + 2, s + 0*s + 5 = -5*v. Suppose s*h - h = -10. List the prime factors of h.
2, 5
Suppose 0*f = -2*f + 34. Let v(i) = -i**2 + 19*i - 11. What are the prime factors of v(f)?
23
Suppose 0 = -5*b - 170 + 1340. List the prime factors of b.
2, 3, 13
Let o(z) = z**2 - 3*z - 4. Let q be o(-5). Suppose -2*i + q = i. List the prime factors of i.
2, 3
Suppose 101 = -8*f + 9*f. List the prime factors of f.
101
Suppose t - 51 - 27 = 0. Suppose 3*u + 0*u - t = 0. Let i = u + -16. List the prime factors of i.
2, 5
Let y be (20/(-6))/(3/(-36)). Let o = y - 22. List the prime factors of o.
2, 3
Let p(t) = t**2. Let l(v) = v + 4. Let n(b) = -b**2 + 2*b + 3. Let h(i) = 4*l(i) - 5*n(i). Let y(d) = -h(d) + 4*p(d). What are the prime factors of y(5)?
2
Suppose 2*g - 4*g = -88. What are the prime factors of g/3 + (-1)/(-3)?
3, 5
Let l(v) = 6 - 8 + 5*v + 7. List the prime factors of l(4).
5
Suppose 0 = -12*j + 16*j - 1160. What are the prime factors of j?
2, 5, 29
Suppose 0 = -2*w - 3*n - 4, 2*n - n + 4 = 0. What are the prime factors of w?
2
Suppose -5 + 2 = -3*a. Suppose -10 - 14 = -3*l. Let g = l - a. What are the prime factors of g?
7
Let y(q) = -q**3 - 2*q**2 + 3*q + 4. Let m be y(-3). Suppose -3*z + z = -m. Suppose -z*x - 3*x + 70 = 4*v, 0 = x - v - 14. What are the prime factors of x?
2, 7
Suppose 0 = -4*n - 3 - 9. Let l = -4 - n. What are the prime factors of (8/10)/(l/(-10))?
2
Let z be (-2)/12 - (-124)/24. Let f = z + -7. What are the prime factors of ((-3)/6)/(f/24)?
2, 3
Suppose 0*h = -2*h + 12. Suppose 15 = h*g - g. What are the prime factors of g?
3
Suppose -7*o + 2*o + 405 = 0. What are the prime factors of o?
3
Let r be 92/16 - (-2)/8. Suppose r*d - d - 25 = 0. Suppose -3*j + 2*j = -d*y - 25, -3*y + 39 = 3*j. What are the prime factors of j?
3, 5
Let t(j) = -j**3 + 6 + 1 + 4*j**2 + j + 7 - 5*j**2. What are the prime factors of t(0)?
2, 7
Let a = 23 + 36. List the prime factors of a.
59
Let x(b) = -b**2 + 3*b + 1. Let y be x(2). Let r be 0*3/y + 31. Suppos